?
42
In base 3, what is 120 + 112012001?
112012121
In base 16, what is 1f3 - 368?
-175
In base 2, what is -11000 + -100001001010011110?
-100001001010110110
In base 4, what is 2 + -1202130?
-1202122
In base 12, what is 23 + -39?
-16
In base 7, what is -3 - -265653?
265650
In base 12, what is a880a + 3?
a8811
In base 14, what is 83 - 6c?
15
In base 5, what is 113401 - 120?
113231
In base 6, what is -22 + -31025?
-31051
In base 14, what is -12648 + 3?
-12645
In base 3, what is -111020000012 - -2?
-111020000010
In base 2, what is -11101 - -11010000100?
11001100111
In base 16, what is 901 - 5?
8fc
In base 5, what is -24321 + 1432?
-22334
In base 3, what is -1222100 - 0?
-1222100
In base 12, what is -3144 + 13?
-3131
In base 10, what is -264 - -11339?
11075
In base 10, what is -98 + -3181?
-3279
In base 8, what is 26200 + -1?
26177
In base 11, what is 6715570 + 1?
6715571
In base 13, what is -5 + 29133?
2912b
In base 2, what is 100111111010100111 - -100?
100111111010101011
In base 10, what is 47 + 34869?
34916
In base 15, what is -2c54a2 + 3?
-2c549e
In base 4, what is -12210331311 - -3?
-12210331302
In base 8, what is 22137 - -5?
22144
In base 13, what is 50469 - -7?
50473
In base 9, what is -5 + -47128?
-47134
In base 8, what is 74 + 1175?
1271
In base 4, what is 3 + 3222111?
3222120
In base 5, what is -1113 - -300?
-313
In base 10, what is 53603 - -4?
53607
In base 5, what is 4 - 3201231?
-3201222
In base 12, what is -55364 + -4?
-55368
In base 3, what is 220111220 - 2?
220111211
In base 5, what is 422 + -243003?
-242031
In base 6, what is 11101 + -30?
11031
In base 11, what is -1275 + 1?
-1274
In base 2, what is 1010 + -110100000011001?
-110100000001111
In base 8, what is 161 - 543?
-362
In base 7, what is -343424 - -4?
-343420
In base 7, what is -565 - 1316?
-2214
In base 10, what is -87 + -31?
-118
In base 12, what is 7b - -69?
128
In base 5, what is 12 + -21000433?
-21000421
In base 3, what is -2200 - 2122202201?
-2122212101
In base 10, what is 1 + 26735?
26736
In base 16, what is f48 - 1?
f47
In base 8, what is 231007 + 4?
231013
In base 6, what is -2 + -1101534?
-1101540
In base 15, what is e - -9d6?
9e5
In base 14, what is 5 - -7?
c
In base 15, what is -4c33 + 12?
-4c21
In base 13, what is -199 + 1042?
b76
In base 11, what is 24710 - -2?
24712
In base 6, what is -100 + -25035?
-25135
In base 11, what is 1 + -3559a9?
-3559a8
In base 4, what is -20021222 + 0?
-20021222
In base 15, what is -90d - -a?
-903
In base 15, what is -4c - 2c8?
-325
In base 7, what is 440313 + 4?
440320
In base 7, what is -245561 - 1?
-245562
In base 7, what is 12425 + -3?
12422
In base 4, what is 12 + 102322?
103000
In base 2, what is -10010010010010 - 1011000?
-10010011101010
In base 6, what is 20 - 10003?
-5543
In base 10, what is 3571 - -5?
3576
In base 4, what is 2203 - -3202?
12011
In base 9, what is -2 - -283586?
283584
In base 16, what is 2 - -3bf2?
3bf4
In base 9, what is -12 - 1646?
-1658
In base 8, what is -516 - -317?
-177
In base 11, what is -35537 + 0?
-35537
In base 6, what is 1423 + 4554?
10421
In base 2, what is -1 + 1110100010111?
1110100010110
In base 11, what is 8129 + 3?
8131
In base 4, what is 12030032 - -11?
12030103
In base 2, what is -11100000000100011 - -1100?
-11100000000010111
In base 9, what is -21845 + 1?
-21844
In base 9, what is -2 + -626727?
-626730
In base 9, what is -1 - 3137?
-3138
In base 13, what is -6 - 29602?
-29608
In base 16, what is 98 - -5dc?
674
In base 5, what is -1011 - 101040?
-102101
In base 10, what is 2347 + 242?
2589
In base 3, what is 21 - -110212022?
110212120
In base 7, what is 1663554 - 10?
1663544
In base 3, what is -220111011120 - -20?
-220111011100
In base 9, what is 572 - -386?
1068
In base 12, what is 106 + -85b?
-755
In base 5, what is 2 - 103243?
-103241
In base 14, what is -275 + 75?
-200
In base 12, what is -1 + -11649?
-1164a
In base 14, what is 6dc + dd?
7db
In base 4, what is 23020 + -2222?
20132
In base 9, what is 56 - 86?
-30
In base 5, what is -4 - 1140000?
-1140004
In base 9, what is 4 + 18655?
18660
In base 6, what is -10402 - 24141?
-34543
In base 12, what is 4 + 3b7?
3bb
In base 12, what is 1 + -4883?
-4882
In base 15, what is 3 - -2212?
2215
In base 3, what is 2 - 100012000202?
-100012000200
In base 9, what is -21 - 406568?
-406600
In base 8, what is 0 - 117570?
-117570
In base 13, what is -1bc1 + -27?
-1c18
In base 10, what is 133 + -7707?
-7574
In base 12, what is -42b4 + -1a?
-4312
In base 5, what is 2034 - -1032?
3121
In base 14, what is 7 + -c77?
-c70
In base 10, what is -68071 - 7?
-68078
In base 14, what is 2b874 - 2?
2b872
In base 10, what is -1 + 69139?
69138
In base 9, what is 102 - -22754?
22856
In base 2, what is -1111110000110 + -110?
-1111110001100
In base 6, what is -225535 + -3?
-225542
In base 12, what is -3844 - 15b?
-39a3
In base 12, what is 1634 - 14?
1620
In base 9, what is -23833 + -3?
-23836
In base 15, what is 1a7 + -6a?
13c
In base 13, what is 2 + -a1ac?
-a1aa
In base 12, what is -2 + -35358?
-3535a
In base 6, what is -1000011151 - 2?
-1000011153
In base 7, what is 553 + 105?
661
In base 5, what is 13 - -10043?
10111
In base 6, what is -5 + -24535154?
-24535203
In base 12, what is 212 + -48?
186
In base 5, what is -32 - 2244243?
-2244330
In base 3, what is 100111100000 + -12?
100111022211
In base 6, what is -301201 - 12?
-301213
In base 11, what is -2 - -50124?
50122
In base 15, what is -5 + 72a48?
72a43
In base 5, what is 12113333 + -10?
12113323
In base 14, what is 3 - -7d401?
7d404
In base 7, what is -154105 + 1?
-154104
In base 2, what is -10001011011111 - -100101111?
-10000110110000
In base 6, what is 140150534 - 0?
140150534
In base 10, what is -227 - 177?
-404
In base 7, what is -201 + 102341?
102140
In base 6, what is -34210 - 2155?
-40405
In base 14, what is d + -da9d?
-da90
In base 15, what is 66 + 108b?
1102
In base 2, what is -100100110110111 - 1100100?
-100101000011011
In base 7, what is -6663 + -215?
-10211
In base 10, what is -41 + -15175?
-15216
In base 4, what is 120033302 - 2?
120033300
In base 6, what is 4 - -23522330?
23522334
In base 4, what is 11033120 + 30?
11033210
In base 5, what is -10 - -2010220?
2010210
In base 8, what is 776 - 143?
633
In base 3, what is 12000120210 - -11?
12000120221
In base 2, what is -10100110010001 - -11101?
-10100101110100
In base 2, what is -11100001 - 10110?
-11110111
In base 3, what is -112112202111 - -12?
-112112202022
In base 13, what is 301 - 15?
2b9
In base 2, what is -101000001100001 - 1?
-101000001100010
In base 14, what is -2918 - -1c3?
-2735
In base 7, what is 600162 - -3?
600165
In base 10, what is 209189 + 3?
209192
In base 3, what is -211 + -10202101210?
-10202102121
In base 5, what is -1022 - -13442?
12420
In base 2, what is -11 + 10101100011101001?
10101100011100110
In base 9, what is 1124683 - -8?
1124702
In base 7, what is -42 - -16?
-23
In base 10, what is 5 - -6481?
6486
In base 10, what is -6 - -1116?
1110
In base 9, what is -4738 - -18?
-4720
In base 5, what is 131320 - -1122?
132442
In base 14, what is 0 + cbd27?
cbd27
In base 6, what is 4241 + 24301?
32542
In base 11, what is -a + -3897?
-38a6
In base 8, what is -52 - 1455?
-1527
In base 12, what is -13b9b0 - -5?
-13b9a7
In base 14, what is -103c7 - -8?
-103bd
In base 4, what is 100 + 120033330?
120100030
In base 10, what is 2 - 70787?
-70785
In base 5, what is -1130142414 + -4?
-1130142423
In base 4, what is 22331303 - -2?
22331311
In base 7, what is -436 + 2063?
1324
In base 13, what is -5 - 131a?
-1322
In base 14, what is b9 - -1d9?
2b4
In base 6, what is 5 + -541?
-532
In base 10, what is 0 - 15773?
-15773
In base 4, what is 1 + 113103100?
113103101
In base 3, what is 1201101 + 110?
1201211
In base 5, what is 122401 + 14?
122420
In base 2, what is 110010010101011 + 1001?
110010010110100
In base 9, what is 118 + -2816?
-2687
In base 3, what is 202012101 - 1211?
202010120
In base 13, what is 2b + 42?
70
In base 14, what is 1d + -9b7?
-998
In base 9, what is -301 + 15200?
14788
In base 3, what is -11 - -101100010202?
101100010121
In base 11, what is 1a1 + 621?
812
In base 4, what is -2022002 + -2311?
-2030313
In base 5, what is -12 + 44232?
44220
In base 8, what is -257 - -1147?
670
In base 14, what is -1 - 4b69?
-4b6a
In base 15, what is 